t is the remainder when 5315390 is divided by 160?
30
What is the remainder when 62769 is divided by 31331?
107
Calculate the remainder when 1231727 is divided by 43990.
7
Calculate the remainder when 3002167 is divided by 8007.
7549
What is the remainder when 589170 is divided by 589139?
31
What is the remainder when 75922533 is divided by 26?
11
Calculate the remainder when 807489 is divided by 3010.
809
Calculate the remainder when 1792559 is divided by 1060.
99
Calculate the remainder when 141704 is divided by 141318.
386
What is the remainder when 59759657 is divided by 1071?
1070
What is the remainder when 20184728 is divided by 46?
20
What is the remainder when 2101633 is divided by 9775?
8
What is the remainder when 2749389 is divided by 156?
45
What is the remainder when 995606 is divided by 1854?
8
What is the remainder when 33656963 is divided by 82?
63
What is the remainder when 121463 is divided by 7?
6
What is the remainder when 795824 is divided by 264770?
1514
Calculate the remainder when 1394545 is divided by 3148.
3129
Calculate the remainder when 135212951 is divided by 1393.
13
What is the remainder when 6401861 is divided by 2133574?
1139
Calculate the remainder when 140431 is divided by 1048.
1047
Calculate the remainder when 2163500 is divided by 2235.
20
Calculate the remainder when 1394668 is divided by 143.
132
What is the remainder when 258759 is divided by 1454?
1401
What is the remainder when 8411909 is divided by 15?
14
Calculate the remainder when 2581820 is divided by 18.
8
What is the remainder when 1114309 is divided by 318?
37
Calculate the remainder when 4295728 is divided by 1073931.
4
Calculate the remainder when 5714720 is divided by 80.
0
Calculate the remainder when 201039 is divided by 452.
351
Calculate the remainder when 455552965 is divided by 19.
16
What is the remainder when 72493788 is divided by 677512?
4
What is the remainder when 801950 is divided by 1751?
1743
What is the remainder when 94934 is divided by 31141?
1511
What is the remainder when 152755 is divided by 76332?
91
Calculate the remainder when 54595859 is divided by 66.
65
Calculate the remainder when 2262072 is divided by 13.
7
What is the remainder when 819419 is divided by 655?
14
Calculate the remainder when 25217433 is divided by 6.
3
What is the remainder when 6362508 is divided by 1873?
1800
Calculate the remainder when 813421 is divided by 202025.
5321
What is the remainder when 1687113 is divided by 5661?
135
Calculate the remainder when 110082 is divided by 496.
466
What is the remainder when 32599 is divided by 2075?
1474
What is the remainder when 177127 is divided by 860?
827
Calculate the remainder when 592512 is divided by 59251.
2
Calculate the remainder when 66992813 is divided by 13398561.
8
What is the remainder when 16337992 is divided by 16337894?
98
What is the remainder when 41365 is divided by 13311?
1432
What is the remainder when 353322 is divided by 23554?
12
What is the remainder when 1344218 is divided by 1300?
18
Calculate the remainder when 8514411 is divided by 1419066.
15
Calculate the remainder when 6680725 is divided by 891.
7
What is the remainder when 1172517 is divided by 361?
350
Calculate the remainder when 8597373 is divided by 2865791.
0
Calculate the remainder when 3210747 is divided by 3210120.
627
What is the remainder when 42576264 is divided by 241?
240
Calculate the remainder when 217182 is divided by 217178.
4
What is the remainder when 628464 is divided by 116?
92
What is the remainder when 7640830 is divided by 100?
30
What is the remainder when 1834275 is divided by 101873?
561
Calculate the remainder when 45433337 is divided by 84.
5
Calculate the remainder when 14141772 is divided by 1038.
60
Calculate the remainder when 85249 is divided by 84085.
1164
Calculate the remainder when 257925 is divided by 257892.
33
What is the remainder when 293994 is divided by 291572?
2422
Calculate the remainder when 12786431 is divided by 448.
63
Calculate the remainder when 3848109 is divided by 46.
25
What is the remainder when 85897 is divided by 85780?
117
What is the remainder when 108027 is divided by 11?
7
Calculate the remainder when 38307441 is divided by 1302.
1299
What is the remainder when 20703 is divided by 2497?
727
Calculate the remainder when 14977323 is divided by 1497732.
3
What is the remainder when 3028420 is divided by 8754?
8290
Calculate the remainder when 92664 is divided by 23156.
40
Calculate the remainder when 21760 is divided by 7242.
34
Calculate the remainder when 2180517 is divided by 128264.
29
Calculate the remainder when 887894 is divided by 2120.
1734
What is the remainder when 750040 is divided by 3769?
9
Calculate the remainder when 70121015 is divided by 10735.
10730
Calculate the remainder when 1192988 is divided by 73.
22
What is the remainder when 3922733 is divided by 45?
38
What is the remainder when 4059455 is divided by 9?
5
Calculate the remainder when 1207515 is divided by 301.
204
What is the remainder when 115753131 is divided by 124?
123
Calculate the remainder when 8182177 is divided by 548.
537
What is the remainder when 257927 is divided by 2223?
59
What is the remainder when 7397344 is divided by 69?
61
Calculate the remainder when 4235809 is divided by 1058886.
265
Calculate the remainder when 853881749 is divided by 166.
159
What is the remainder when 20504175 is divided by 117?
42
What is the remainder when 120382 is divided by 1254?
1252
Calculate the remainder when 8086 is divided by 1880.
566
What is the remainder when 2333303 is divided by 12820?
63
Calculate the remainder when 635766 is divided by 25.
16
What is the remainder when 72294540 is divided by 207?
204
Calculate the remainder when 1239967 is divided by 3483.
19
Calculate the remainder when 1757400 is divided by 121.
117
Calculate the remainder when 82147 is divided by 563.
512
Calculate the remainder when 345619 is divided by 5518.
3503
Calculate the remainder when 1436158 is divided by 1079.
9
Calculate the remainder when 1333912 is divided by 168.
160
Calculate the remainder when 83956752 is divided by 16791350.
2
What is the remainder when 648145 is divided by 181?
165
What is the remainder when 4571074 is divided by 986?
964
What is the remainder when 2363827 is divided by 443?
422
What is the remainder when 35961164 is divided by 23?
20
Calculate the remainder when 24515 is divided by 22386.
2129
What is the remainder when 161238783 is divided by 5?
3
What is the remainder when 1499003 is divided by 749279?
445
Calculate the remainder when 38545114 is divided by 202869.
4
Calculate the remainder when 62375 is divided by 6188.
495
What is the remainder when 13526740 is divided by 33482?
12
What is the remainder when 5509790 is divided by 2202?
386
Calculate the remainder when 4470306 is divided by 229.
226
What is the remainder when 11919649 is divided by 28722?
19
Calculate the remainder when 20666399 is divided by 75.
74
What is the remainder when 263329607 is divided by 87776534?
5
Calculate the remainder when 236349 is divided by 935.
729
Calculate the remainder when 3941806 is divided by 77.
22
Calculate the remainder when 13311 is divided by 6506.
299
What is the remainder when 376357 is divided by 124176?
3829
What is the remainder when 71989191 is divided by 19?
15
Calculate the remainder when 6331121 is divided by 37.
14
Calculate the remainder when 14472130 is divided by 61.
2
Calculate the remainder when 1217010 is divided by 5223.
51
Calculate the remainder when 302394 is divided by 33537.
561
Calculate the remainder when 954314 is divided by 8156.
62
Calculate the remainder when 134592 is divided by 16453.
2968
Calculate the remainder when 40239044 is divided by 6615.
6614
What is the remainder when 3050038 is divided by 91?
82
What is the remainder when 503546 is divided by 2113?
652
What is the remainder when 1420763641 is divided by 117?
115
Calculate the remainder when 15865111 is divided by 1586511.
1
Calculate the remainder when 223546 is divided by 263.
259
What is the remainder when 442082 is divided by 1122?
14
What is the remainder when 8199324 is divided by 2056?
2052
Calculate the remainder when 39217918 is divided by 768.
766
Calculate the